e remainder when v is divided by 3*(-10)/8*16/(-6).
8
Let l(d) = -d**2 + 10*d + 25. Let c(k) = 2*k**2 + 11*k + 10. Let m be c(-7). Suppose 0 = 4*u - m - 77. What is the remainder when u is divided by l(11)?
13
Let g(x) = x**3 - 4*x**2 - 4. What is the remainder when g(5) is divided by 8?
5
Suppose -3*f = -2*o + 292, 3*o - 2*o = -5*f + 133. Suppose p + 2*r = 47, 4*r = 4*p - 69 - o. Calculate the remainder when p is divided by (0 + -26)*(-2)/4.
12
Suppose -4*b = -11 - 1. Suppose 2*j - b*m = 47, 5*j + 3*m = 210 - 82. What is the remainder when j is divided by 13?
12
Let z = 0 + 3. Suppose -a = f - 4*f - 2, -3*f = -z*a + 30. Let l(w) = -5*w + 1. Calculate the remainder when l(-5) is divided by a.
12
Let x = 29 - -2. What is the remainder when x is divided by 12?
7
Suppose 9*y - 332 = 100. What is the remainder when y is divided by 25?
23
Let z = 3 + -2. Calculate the remainder when 20/4 + (-9)/3 is divided by z.
0
Let h be 43/5 + 12/(-20). Suppose 38 + h = 2*f. Calculate the remainder when f is divided by 8.
7
Let u = -7 - -11. Suppose -u*n + 5*z + 35 = 0, 18 = 3*z + 3. Let f(v) = -v**2 - 9*v + 8. What is the remainder when n is divided by f(-9)?
7
Let m = -25 + -39. Let l = 118 + m. Calculate the remainder when l is divided by 14.
12
Let d(f) = 3*f - 1. Let n be d(2). Let j = 25 - 23. Suppose -j*k + 1 = -n. Calculate the remainder when k is divided by 1.
0
Calculate the remainder when 29 is divided by 30/(-45) + 70/6.
7
Let k(r) = 3*r - 6. Let q be k(-7). Let d = -17 - q. Suppose -5*v + 5*m = -170, -v + 3*m + 2*m = -18. What is the remainder when v is divided by d?
8
Suppose 1 = -f + 3. Suppose -v + 0*v = -f. What is the remainder when -1 + 38 + -1 - v is divided by 12?
10
Suppose 0 = -3*a + 31 - 10. Calculate the remainder when a is divided by 3.
1
Let m(x) = -4*x**3 - 7*x**2 - 2*x + 4. Let u(j) = 5*j**3 + 7*j**2 + j - 3. Let n(t) = 6*m(t) + 5*u(t). What is the remainder when n(8) is divided by 6?
5
Let s(h) = -h**3 - 3*h**2 + 7*h + 4. Let l = 10 + -15. Let q = 12 + l. Calculate the remainder when s(-5) is divided by q.
5
Let n = -5 - -8. Suppose -3*l + l + 18 = n*t, 4*l + 4*t = 32. Calculate the remainder when 17 is divided by l.
5
Let z = 22 + -12. Suppose 4*p - z = 14. What is the remainder when 11 is divided by p?
5
Suppose 0 = 12*g - 290 - 118. What is the remainder when 134 is divided by g?
32
Let z(k) = -13*k**2 + 2. Let a be z(2). Let q(j) = -j + 76. Let r be q(0). Let c = a + r. Calculate the remainder when c is divided by 14.
12
What is the remainder when 1 + 18/(-4)*-18 is divided by 17?
14
Suppose 3*h - 2 = 5*m - 9, -h = 3*m - 7. Suppose -5*s = 5*j - 32 - 3, -5*j + 38 = m*s. Let u = 71 + -49. Calculate the remainder when u is divided by j.
6
Suppose 99 = 5*z + 4*w, -5*z - 3*w + 43 = -60. Suppose 4*b + 11 - 43 = 0. Calculate the remainder when z is divided by b.
7
Let n be 45/(-2)*(-8)/6. Suppose 4*a - 17 = 5*r, -6*a - 2*r = -3*a - n. Suppose -2*y + 7 = 1. What is the remainder when a is divided by y?
2
Let g(c) = c. Calculate the remainder when 13 is divided by g(7).
6
Let m be (4/(-8))/((-1)/6). Let x = m - -11. What is the remainder when 55 is divided by x?
13
Let q = -117 - -120. Calculate the remainder when q is divided by (-6)/(1*(-3 - -1)).
0
Suppose -z = z. Suppose -3*g - 2*m + 14 = z, 0*m - 10 = -2*g - m. Suppose y = -0*y - 3*k + 7, 5*k + 5 = 0. Calculate the remainder when y is divided by g.
4
Suppose -91*j + 97*j - 150 = 0. What is the remainder when j is divided by 14?
11
Let v(k) = 5*k**2 + 7*k. What is the remainder when v(-3) is divided by 7?
3
Let r = 30 - 18. Let v(a) = -4 - 4*a + 0*a + 5*a. Calculate the remainder when v(r) is divided by 3.
2
Suppose 0 = -2*s - 0*s + 4. Let i be 175/(-21) - 2/(-6). Let c = i - -13. What is the remainder when c is divided by s?
1
Suppose -5*m = 25 - 10, 5*s - 32 = 4*m. Calculate the remainder when 21 is divided by s.
1
Let k(q) = q**2 + 4*q - 5. Let u = -4 - 3. What is the remainder when 61 is divided by k(u)?
13
Let g = 6 + -9. Let o be (0 + 30)*(-2 - g). Suppose 2*x = -x + o. What is the remainder when 29 is divided by x?
9
Suppose 16*r = 64 + 160. What is the remainder when 81 is divided by r?
11
Let l(a) = -2*a**3 + 6*a + 3. Let t = 7 - 4. Suppose -52 = t*q - 7*q. Calculate the remainder when q is divided by l(-2).
6
Suppose -3*n - 4*g = 9, 0*n - n + 5*g + 16 = 0. Suppose 4*y = 2*z - 8, -4*z + 2*y - 9 = -25. What is the remainder when 7 + n + -1 + 0 is divided by z?
3
Let f be (3 - 1 - -3) + -1. Suppose j + f*z - 3*z - 15 = 0, 33 = 3*j - 3*z. Let i = -8 - -32. What is the remainder when i is divided by j?
11
Let d(t) = -t**2 + 4*t + 6. Suppose 0 = 2*v - 12 + 10. What is the remainder when v is divided by d(5)?
0
What is the remainder when 23 is divided by -4*-6*(-3)/(-12)?
5
Let u(w) = -w**2 - 3*w + 10. Calculate the remainder when 49 is divided by u(0).
9
Let z = 19 - 11. What is the remainder when 27 is divided by z?
3
Suppose 4*s + 10 = 2*x - 54, 5*s = 4*x - 128. Let y = -3 - -5. Suppose y*l - 4*l = -34. What is the remainder when x is divided by l?
15
Let i = -117 - -201. What is the remainder when 17 is divided by 6/15 + i/15?
5
Suppose -4 = -2*s + s. Let a be 2/6 + 5*(-4)/(-30). What is the remainder when 15 is divided by s + (-2 - a*-4)?
3
Let u = 7 + -2. Suppose a = 4*p + 60, 0 = -3*a + 5*a - 2*p - 144. Suppose -14*q - a = -18*q. Calculate the remainder when q is divided by u.
4
Suppose -66 = 4*w - 266. Let k be 3/(-3)*2*-2. Suppose 7*p - k*p = 2*f - 25, -4*f + 71 = p. What is the remainder when w is divided by f?
16
Let p be (8/10)/((-6)/(-15)). Let a be 2 + p*2/(-2). Suppose a = -5*t + 5*i + 15, -i - 2*i - 17 = -5*t. Calculate the remainder when 5 is divided by t.
1
Let v = 3 + -3. Let g(y) = y + 13. What is the remainder when g(v) is divided by 7?
6
Suppose -3*w + 5*w - 8 = 0. Suppose -q - w*q - 90 = 0. Let u = q - -27. What is the remainder when 16 is divided by u?
7
Let d(o) = 2*o**2 - 7*o - 5. Let v be d(6). Let b = 53 - v. Calculate the remainder when 111 is divided by b.
27
Let r(t) = -5 + 3*t + 2 - 1. Let o = 0 + 5. What is the remainder when r(o) is divided by 4?
3
Let m be 4 + 0 + -1 + -1. Calculate the remainder when 64/(m + 0) + -3 is divided by 8.
5
Let s = 71 - 43. What is the remainder when (-21 - 0)*-4 - 1 is divided by s?
27
Let b(a) = a + 7. Let v be b(-5). Let n = 10 - v. Calculate the remainder when 14 is divided by n.
6
Let w = -8 - -21. Calculate the remainder when 77 is divided by w.
12
Suppose -18 = 3*b + 3. Let s(u) = -3*u**2 + 6*u**2 + 2 - 2*u**2 + 6*u. Calculate the remainder when 16 is divided by s(b).
7
Let q(c) = -c + 16. Suppose 5*v = 2*v + 5*u + 35, -2*v - 4*u - 6 = 0. Suppose 0 = -y + v*y - 44. What is the remainder when 9 is divided by q(y)?
4
Let u be ((-2)/(-6))/(6/90). Suppose 0 = 3*c + u*y - 27 - 44, -y = -2*c + 43. Calculate the remainder when c is divided by 6.
4
Let s be -3*(60/(-9))/4. Suppose -7 = 2*c + s*g, -5*g + 11 - 38 = -3*c. Suppose -c*p - 11 = -39. Calculate the remainder when 12 is divided by p.
5
Let g = 6 - -2. Suppose u + 9 - 39 = -m, -4*m - u + 120 = 0. Calculate the remainder when m is divided by g.
6
Suppose 0 = -4*x - 12, -4*l + 2 = -2*l + 2*x. Suppose v + 48 = l*v. What is the remainder when v is divided by 9?
7
Let g(o) be the first derivative of -2*o**2 + 3*o - 2. Let v be g(-7). Let r = -22 + v. What is the remainder when 26 is divided by r?
8
Suppose -15*f - 236 + 1841 = 0. What is the remainder when f is divided by 11?
8
Let s = -84 + 156. Calculate the remainder when s/27*(-198)/(-8) is divided by 17.
15
Calculate the remainder when (1 + 356/(-12))/(4/(-6)) is divided by 15.
13
What is the remainder when ((-28)/(-10) - 0)/((-33)/(-495)) is divided by 17?
8
Let d be (-2)/(-8) - 175/(-4). Suppose -3*p + d = p. Suppose -2*v = 4*o - 98, 21 = v - 3*o - 2*o. Calculate the remainder when v is divided by p.
8
Let w = -12 + 17. Suppose 4*d = 9 + 3. What is the remainder when w is divided by d?
2
What is the remainder when 96 is divided by ((-66)/(-15))/(16/40)?
8
Calculate the remainder when 22 is divided by (6 + 0)*(-10 - -11).
4
Suppose -23 = -5*s - 3*m - 1, -3*m - 28 = -5*s. Suppose 60 = 3*n + 2*n. What is the remainder when (44/(-10))/((-1)/s) is divided by n?
10
Let z(w) = w**2 + 10*w + 1. Suppose -4*o - c 